{"id":23407,"date":"2024-11-03T01:38:59","date_gmt":"2024-11-03T01:38:59","guid":{"rendered":"https:\/\/www.seb.gov.co\/?page_id=23407"},"modified":"2025-08-01T19:51:30","modified_gmt":"2025-08-01T19:51:30","slug":"autoevaluacion-institucional","status":"publish","type":"page","link":"https:\/\/www.seb.gov.co\/index.php\/autoevaluacion-institucional\/","title":{"rendered":"Autoevaluaci\u00f3n Institucional"},"content":{"rendered":"\n<p class=\"has-text-align-center has-black-color has-text-color has-large-font-size\"><strong>Autoevaluaci\u00f3n Institucional<\/strong><\/p>\n\n\n\n<br\/>\n<br\/>\n\n\n\n<p class=\"has-black-color has-text-color\">El primer momento de la ruta de mejoramiento institucional corresponde a la autoevaluaci\u00f3n proceso mediante el cual las Instituciones Educativas recogen, recopilan, sistematizan, analizan y valoran toda la informaci\u00f3n relacionada con el desarrollo de sus acciones y sus resultados en cada una de las \u00e1reas de gesti\u00f3n y caracteriza el desarrollo institucional alcanzado.<\/p>\n\n\n\n<p class=\"has-black-color has-text-color\">La Gu\u00eda 34 del Ministerio de Educaci\u00f3n, brinda un instrumento a trav\u00e9s del cual el rector o director y el equipo de gesti\u00f3n valoran el estado de cada uno de los componentes y procesos de las cuatro \u00e1reas de gesti\u00f3n. Esta herramienta cuenta con una escala num\u00e9rica de cuatro niveles: existencia, pertinencia, apropiaci\u00f3n y mejoramiento continuo.<\/p>\n\n\n\n<div class=\"wp-block-buttons is-content-justification-center is-layout-flex wp-container-1 wp-block-buttons-is-layout-flex\">\n<div class=\"wp-block-button has-custom-width wp-block-button__width-25 has-custom-font-size has-small-font-size\"><a class=\"wp-block-button__link wp-element-button\" href=\"https:\/\/www.seb.gov.co\/wp-content\/uploads\/2024\/11\/INFORME-AUTOEVALUACION2023.pdf\" target=\"_blank\" rel=\"noreferrer noopener\">Ver Informe 2023<\/a><\/div>\n<\/div>\n\n\n\n<br\/>\n\n\n\n<div class=\"wp-block-buttons is-content-justification-center is-layout-flex wp-container-2 wp-block-buttons-is-layout-flex\">\n<div class=\"wp-block-button has-custom-width wp-block-button__width-25 has-custom-font-size has-small-font-size\"><a class=\"wp-block-button__link wp-element-button\" href=\"https:\/\/www.seb.gov.co\/wp-content\/uploads\/2025\/08\/Informe-consolidado-autoevaluacion-2024.pdf\" target=\"_blank\" rel=\"noreferrer noopener\">Ver Informe 2024<\/a><\/div>\n<\/div>\n","protected":false},"excerpt":{"rendered":"<p>Autoevaluaci\u00f3n Institucional El primer momento de la ruta de mejoramiento institucional corresponde a la autoevaluaci\u00f3n proceso mediante el cual las Instituciones Educativas recogen, recopilan, sistematizan, analizan y valoran toda la informaci\u00f3n relacionada con el desarrollo de sus acciones y sus resultados en cada una de las \u00e1reas de gesti\u00f3n y caracteriza el desarrollo institucional alcanzado. [&hellip;]<\/p>\n","protected":false},"author":12,"featured_media":0,"parent":0,"menu_order":0,"comment_status":"closed","ping_status":"closed","template":"","meta":{"_bbp_topic_count":0,"_bbp_reply_count":0,"_bbp_total_topic_count":0,"_bbp_total_reply_count":0,"_bbp_voice_count":0,"_bbp_anonymous_reply_count":0,"_bbp_topic_count_hidden":0,"_bbp_reply_count_hidden":0,"_bbp_forum_subforum_count":0,"footnotes":""},"_links":{"self":[{"href":"https:\/\/www.seb.gov.co\/index.php\/wp-json\/wp\/v2\/pages\/23407"}],"collection":[{"href":"https:\/\/www.seb.gov.co\/index.php\/wp-json\/wp\/v2\/pages"}],"about":[{"href":"https:\/\/www.seb.gov.co\/index.php\/wp-json\/wp\/v2\/types\/page"}],"author":[{"embeddable":true,"href":"https:\/\/www.seb.gov.co\/index.php\/wp-json\/wp\/v2\/users\/12"}],"replies":[{"embeddable":true,"href":"https:\/\/www.seb.gov.co\/index.php\/wp-json\/wp\/v2\/comments?post=23407"}],"version-history":[{"count":15,"href":"https:\/\/www.seb.gov.co\/index.php\/wp-json\/wp\/v2\/pages\/23407\/revisions"}],"predecessor-version":[{"id":24491,"href":"https:\/\/www.seb.gov.co\/index.php\/wp-json\/wp\/v2\/pages\/23407\/revisions\/24491"}],"wp:attachment":[{"href":"https:\/\/www.seb.gov.co\/index.php\/wp-json\/wp\/v2\/media?parent=23407"}],"curies":[{"name":"wp","href":"https:\/\/api.w.org\/{rel}","templated":true}]}}