{"id":21827,"date":"2023-08-29T15:43:12","date_gmt":"2023-08-29T15:43:12","guid":{"rendered":"https:\/\/www.seb.gov.co\/?page_id=21827"},"modified":"2026-04-16T22:13:53","modified_gmt":"2026-04-16T22:13:53","slug":"observatorio-cobertura-educativa","status":"publish","type":"page","link":"https:\/\/www.seb.gov.co\/index.php\/observatorio-cobertura-educativa\/","title":{"rendered":"Observatorio Cobertura Educativa"},"content":{"rendered":"\n<p class=\"has-text-align-center has-x-large-font-size\"><strong>An\u00e1lisis de Matr\u00edcula Educativa en Bucaramanga<\/strong><\/p>\n\n\n\n<p>La secretar\u00eda de Educaci\u00f3n de Bucaramanga dando cumplimiento a la Ley 1712 de 2014 \u2013 Ley de transparencia y acceso a la informaci\u00f3n p\u00fablica, busca promover y generar una cultura de transparencia, lo que conlleva a la publicaci\u00f3n y divulgaci\u00f3n de documentos y archivos que plasman la actividad estatal y de inter\u00e9s p\u00fablico, de forma rutinaria y proactiva, actualizada, accesible y comprensible, atendiendo a l\u00edmites razonables del talento humano y recursos f\u00edsicos y financieros.<\/p>\n\n\n\n<p>La oficina de Cobertura Educativa de la SEB, es la dependencia responsable de organizar y articular la informaci\u00f3n, lanzamiento y difusi\u00f3n de las publicaciones con las cifras sobre cobertura educativa donde presenta la caracterizaci\u00f3n de la matr\u00edcula estudiantil seg\u00fan sector, g\u00e9nero, edad, grado, ubicaci\u00f3n, poblaci\u00f3n vulnerable y estrategias de permanencia del municipio de Bucaramanga.<\/p>\n\n\n\n<p class=\"has-text-align-center has-large-font-size\"><strong>COBERTURA POWER BI<\/strong><\/p>\n\n\n\n<div class=\"fusion-content-boxes content-boxes columns fusion-columns-4 fusion-columns-total-0 fusion-content-boxes-1 content-boxes-icon-on-side row content-left\" data-animationOffset=\"100%\" style=\"margin-top:0px;margin-bottom:60px;\"><style type=\"text\/css\" scoped=\"scoped\">.fusion-content-boxes-1 .heading h2{color:#000000;}\r\n\t\t\t.fusion-content-boxes-1 .fusion-content-box-hover .link-area-link-icon-hover .heading h2,\r\n\t\t\t.fusion-content-boxes-1 .fusion-content-box-hover .link-area-link-icon-hover .heading .heading-link h2,\r\n\t\t\t.fusion-content-boxes-1 .fusion-content-box-hover .link-area-box-hover .heading h2,\r\n\t\t\t.fusion-content-boxes-1 .fusion-content-box-hover .link-area-box-hover .heading .heading-link h2,\r\n\t\t\t.fusion-content-boxes-1 .fusion-content-box-hover .link-area-link-icon-hover.link-area-box .fusion-read-more,\r\n\t\t\t.fusion-content-boxes-1 .fusion-content-box-hover .link-area-link-icon-hover.link-area-box .fusion-read-more::after,\r\n\t\t\t.fusion-content-boxes-1 .fusion-content-box-hover .link-area-link-icon-hover.link-area-box .fusion-read-more::before,\r\n\t\t\t.fusion-content-boxes-1 .fusion-content-box-hover .fusion-read-more:hover:after,\r\n\t\t\t.fusion-content-boxes-1 .fusion-content-box-hover .fusion-read-more:hover:before,\r\n\t\t\t.fusion-content-boxes-1 .fusion-content-box-hover .fusion-read-more:hover,\r\n\t\t\t.fusion-content-boxes-1 .fusion-content-box-hover .link-area-box-hover.link-area-box .fusion-read-more,\r\n\t\t\t.fusion-content-boxes-1 .fusion-content-box-hover .link-area-box-hover.link-area-box .fusion-read-more::after,\r\n\t\t\t.fusion-content-boxes-1 .fusion-content-box-hover .link-area-box-hover.link-area-box .fusion-read-more::before,\t\t\t\r\n\t\t\t.fusion-content-boxes-1 .fusion-content-box-hover .link-area-link-icon-hover .icon .circle-no,\r\n\t\t\t.fusion-content-boxes-1 .fusion-content-box-hover .link-area-box-hover .icon .circle-no {\r\n\t\t\t\tcolor: #0082cb !important;\r\n\t\t\t}\r\n\t\t\t.fusion-content-boxes-1 .fusion-content-box-hover .heading-link:hover .icon i.circle-yes,\r\n\t\t\t.fusion-content-boxes-1 .fusion-content-box-hover .link-area-box:hover .heading-link .icon i.circle-yes,\r\n\t\t\t.fusion-content-boxes-1 .fusion-content-box-hover .link-area-link-icon-hover .heading .icon i.circle-yes,\r\n\t\t\t.fusion-content-boxes-1 .fusion-content-box-hover .link-area-box-hover .heading .icon i.circle-yes {\r\n\t\t\t\tbackground-color: #0082cb !important;\r\n\t\t\t\tborder-color: #0082cb !important;\r\n\t\t\t}<\/style><div class=\"fusion-clearfix\"><\/div><\/div>\n\n\n\n<div class=\"fusion-column content-box-column content-box-column-1 col-lg-3 col-md-3 col-sm-3 fusion-content-box-hover content-box-column-first-in-row\"><div class=\"col content-wrapper link-area-link-icon link-type-text icon-hover-animation-slide\" style=\"background-color:transparent;\"><div class=\"heading heading-with-icon icon-left\"><a class=\"heading-link\" href=\"https:\/\/app.powerbi.com\/view?r=eyJrIjoiNzVlZDkxOGItY2FkYS00MTM2LWFlY2QtODA4YTlmMzIyODY3IiwidCI6Ijc4NjgzZmYyLTBjMjAtNGJkYS1iYzc3LWQ0YjJhODdmMmE2YSIsImMiOjR9\" target=\"_blank\"><div class=\"icon\"><i style=\"background-color:transparent;border-color:transparent;height:auto;width:21px;line-height:normal;color:#acc601;font-size:21px;\" class=\"fa fontawesome-icon fa-arrow-right circle-no\"><\/i><\/div><h2 class=\"content-box-heading\" style=\"font-size: 16px;line-height:21px;padding-left:41px;\">Informe Cobertura Educativa Primer Trimestre 2020<\/h2><\/a><\/div><div class=\"fusion-clearfix\"><\/div><div class=\"content-container\" style=\"padding-left:41px;\"><\/div><\/div><\/div>\n\n\n\n<div class=\"fusion-column content-box-column content-box-column-2 col-lg-3 col-md-3 col-sm-3 fusion-content-box-hover\"><div class=\"col content-wrapper link-area-link-icon link-type-text icon-hover-animation-slide\" style=\"background-color:transparent;\"><div class=\"heading heading-with-icon icon-left\"><a class=\"heading-link\" href=\"https:\/\/app.powerbi.com\/view?r=eyJrIjoiNTA0NThlODctYTk2OS00MmFiLThjYzYtZmNmOGQzZGQ3YzVjIiwidCI6Ijc4NjgzZmYyLTBjMjAtNGJkYS1iYzc3LWQ0YjJhODdmMmE2YSIsImMiOjR9\" target=\"_blank\"><div class=\"icon\"><i style=\"background-color:transparent;border-color:transparent;height:auto;width:21px;line-height:normal;color:#acc601;font-size:21px;\" class=\"fa fontawesome-icon fa-arrow-right circle-no\"><\/i><\/div><h2 class=\"content-box-heading\" style=\"font-size: 16px;line-height:21px;padding-left:41px;\">Informe Cobertura Educativa Primer Trimestre 2021<\/h2><\/a><\/div><div class=\"fusion-clearfix\"><\/div><div class=\"content-container\" style=\"padding-left:41px;\"><\/div><\/div><\/div>\n\n\n\n<div class=\"fusion-column content-box-column content-box-column-3 col-lg-3 col-md-3 col-sm-3 fusion-content-box-hover\"><div class=\"col content-wrapper link-area-link-icon link-type-text icon-hover-animation-slide\" style=\"background-color:transparent;\"><div class=\"heading heading-with-icon icon-left\"><a class=\"heading-link\" href=\"https:\/\/app.powerbi.com\/view?r=eyJrIjoiMWRhZGJhNTktYTkwZS00YTA3LWI5NWQtZGQzMjk2NzBlNjFjIiwidCI6Ijc4NjgzZmYyLTBjMjAtNGJkYS1iYzc3LWQ0YjJhODdmMmE2YSIsImMiOjR9\" target=\"_blank\"><div class=\"icon\"><i style=\"background-color:transparent;border-color:transparent;height:auto;width:21px;line-height:normal;color:#acc601;font-size:21px;\" class=\"fa fontawesome-icon fa-arrow-right circle-no\"><\/i><\/div><h2 class=\"content-box-heading\" style=\"font-size: 16px;line-height:21px;padding-left:41px;\">Informe Cobertura Educativa Primer Trimestre 2022<\/h2><\/a><\/div><div class=\"fusion-clearfix\"><\/div><div class=\"content-container\" style=\"padding-left:41px;\"><\/div><\/div><\/div>\n\n\n\n<div class=\"fusion-column content-box-column content-box-column-4 col-lg-3 col-md-3 col-sm-3 fusion-content-box-hover content-box-column-last-in-row\"><div class=\"col content-wrapper link-area-link-icon icon-hover-animation-slide\" style=\"background-color:transparent;\"><div class=\"fusion-clearfix\"><\/div><div class=\"content-container\"><\/div><\/div><\/div><div class=\"fusion-clearfix\"><\/div>\n\n\n\n<div class=\"fusion-column content-box-column content-box-column-5 col-lg-3 col-md-3 col-sm-3 fusion-content-box-hover content-box-column-first-in-row\"><div class=\"col content-wrapper link-area-link-icon link-type-text icon-hover-animation-slide\" style=\"background-color:transparent;\"><div class=\"heading heading-with-icon icon-left\"><a class=\"heading-link\" href=\"https:\/\/app.powerbi.com\/view?r=eyJrIjoiMWJkMGYzZGItOWQyMC00YjBmLWIyMWUtYzBhMGFiZTFhN2JhIiwidCI6Ijc4NjgzZmYyLTBjMjAtNGJkYS1iYzc3LWQ0YjJhODdmMmE2YSIsImMiOjR9\" target=\"_blank\"><div class=\"icon\"><i style=\"background-color:transparent;border-color:transparent;height:auto;width:21px;line-height:normal;color:#acc601;font-size:21px;\" class=\"fa fontawesome-icon fa-arrow-right circle-no\"><\/i><\/div><h2 class=\"content-box-heading\" style=\"font-size: 16px;line-height:21px;padding-left:41px;\">Informe Cobertura Educativa Primer Trimestre 2023<\/h2><\/a><\/div><div class=\"fusion-clearfix\"><\/div><div class=\"content-container\" style=\"padding-left:41px;\"><\/div><\/div><\/div>\n\n\n\n<div class=\"fusion-column content-box-column content-box-column-6 col-lg-3 col-md-3 col-sm-3 fusion-content-box-hover\"><div class=\"col content-wrapper link-area-link-icon link-type-text icon-hover-animation-slide\" style=\"background-color:transparent;\"><div class=\"heading heading-with-icon icon-left\"><a class=\"heading-link\" href=\"https:\/\/app.powerbi.com\/view?r=eyJrIjoiMTU5Nzc3ZDktMDNmNC00ZjVkLWE2OTUtODQzOWI1YTcwYzJlIiwidCI6Ijc4NjgzZmYyLTBjMjAtNGJkYS1iYzc3LWQ0YjJhODdmMmE2YSIsImMiOjR9\" target=\"_blank\"><div class=\"icon\"><i style=\"background-color:transparent;border-color:transparent;height:auto;width:21px;line-height:normal;color:#acc601;font-size:21px;\" class=\"fa fontawesome-icon fa-arrow-right circle-no\"><\/i><\/div><h2 class=\"content-box-heading\" style=\"font-size: 16px;line-height:21px;padding-left:41px;\">Informe Cobertura Educativa Segundo Trimestre 2023<\/h2><\/a><\/div><div class=\"fusion-clearfix\"><\/div><div class=\"content-container\" style=\"padding-left:41px;\"><\/div><\/div><\/div>\n\n\n\n<div class=\"fusion-column content-box-column content-box-column-7 col-lg-3 col-md-3 col-sm-3 fusion-content-box-hover\"><div class=\"col content-wrapper link-area-link-icon link-type-text icon-hover-animation-slide\" style=\"background-color:transparent;\"><div class=\"heading heading-with-icon icon-left\"><a class=\"heading-link\" href=\"https:\/\/app.powerbi.com\/view?r=eyJrIjoiMmRlMDYxNTUtOWYyNy00NjljLThlMTgtMjhhNWMyYWNjYzhhIiwidCI6Ijc4NjgzZmYyLTBjMjAtNGJkYS1iYzc3LWQ0YjJhODdmMmE2YSIsImMiOjR9\" target=\"_blank\"><div class=\"icon\"><i style=\"background-color:transparent;border-color:transparent;height:auto;width:21px;line-height:normal;color:#acc601;font-size:21px;\" class=\"fa fontawesome-icon fa-arrow-right circle-no\"><\/i><\/div><h2 class=\"content-box-heading\" style=\"font-size: 16px;line-height:21px;padding-left:41px;\">Informe Cobertura Educativa Tercer Trimestre 2023<\/h2><\/a><\/div><div class=\"fusion-clearfix\"><\/div><div class=\"content-container\" style=\"padding-left:41px;\"><\/div><\/div><\/div>\n\n\n\n<div class=\"fusion-column content-box-column content-box-column-8 col-lg-3 col-md-3 col-sm-3 fusion-content-box-hover content-box-column-last-in-row\"><div class=\"col content-wrapper link-area-link-icon link-type-text icon-hover-animation-slide\" style=\"background-color:transparent;\"><div class=\"heading heading-with-icon icon-left\"><a class=\"heading-link\" href=\"https:\/\/app.powerbi.com\/view?r=eyJrIjoiOTAwMTNhZTgtMDFjOC00NmM3LWE3YWMtZGQwNGIyYmI2MjE1IiwidCI6Ijc4NjgzZmYyLTBjMjAtNGJkYS1iYzc3LWQ0YjJhODdmMmE2YSIsImMiOjR9\" target=\"_blank\"><div class=\"icon\"><i style=\"background-color:transparent;border-color:transparent;height:auto;width:21px;line-height:normal;color:#acc601;font-size:21px;\" class=\"fa fontawesome-icon fa-arrow-right circle-no\"><\/i><\/div><h2 class=\"content-box-heading\" style=\"font-size: 16px;line-height:21px;padding-left:41px;\">Informe Cobertura Educativa Cuarto Trimestre 2023<\/h2><\/a><\/div><div class=\"fusion-clearfix\"><\/div><div class=\"content-container\" style=\"padding-left:41px;\"><\/div><\/div><\/div><div class=\"fusion-clearfix\"><\/div>\n\n\n\n<div class=\"fusion-column content-box-column content-box-column-9 col-lg-3 col-md-3 col-sm-3 fusion-content-box-hover content-box-column-first-in-row\"><div class=\"col content-wrapper link-area-link-icon link-type-text icon-hover-animation-slide\" style=\"background-color:transparent;\"><div class=\"heading heading-with-icon icon-left\"><a class=\"heading-link\" href=\"https:\/\/app.powerbi.com\/view?r=eyJrIjoiNzNiMDllMTUtOWFlNS00NDRjLWI3MmQtZmVkNzA1NDZiOGI2IiwidCI6Ijc4NjgzZmYyLTBjMjAtNGJkYS1iYzc3LWQ0YjJhODdmMmE2YSIsImMiOjR9\" target=\"_blank\"><div class=\"icon\"><i style=\"background-color:transparent;border-color:transparent;height:auto;width:21px;line-height:normal;color:#acc601;font-size:21px;\" class=\"fa fontawesome-icon fa-arrow-right circle-no\"><\/i><\/div><h2 class=\"content-box-heading\" style=\"font-size: 16px;line-height:21px;padding-left:41px;\">Informe Cobertura Educativa Primer Trimestre 2024<\/h2><\/a><\/div><div class=\"fusion-clearfix\"><\/div><div class=\"content-container\" style=\"padding-left:41px;\"><\/div><\/div><\/div>\n\n\n\n<div class=\"fusion-column content-box-column content-box-column-10 col-lg-3 col-md-3 col-sm-3 fusion-content-box-hover\"><div class=\"col content-wrapper link-area-link-icon link-type-text icon-hover-animation-slide\" style=\"background-color:transparent;\"><div class=\"heading heading-with-icon icon-left\"><a class=\"heading-link\" href=\"https:\/\/app.powerbi.com\/view?r=eyJrIjoiZTE2YTdmYzUtNTUzMi00NjFjLTg0ODYtNTJjZjkzZjljNWJiIiwidCI6Ijc4NjgzZmYyLTBjMjAtNGJkYS1iYzc3LWQ0YjJhODdmMmE2YSIsImMiOjR9\" target=\"_blank\"><div class=\"icon\"><i style=\"background-color:transparent;border-color:transparent;height:auto;width:21px;line-height:normal;color:#acc601;font-size:21px;\" class=\"fa fontawesome-icon fa-arrow-right circle-no\"><\/i><\/div><h2 class=\"content-box-heading\" style=\"font-size: 16px;line-height:21px;padding-left:41px;\">Informe Cobertura Educativa SegundoTrimestre 2024<\/h2><\/a><\/div><div class=\"fusion-clearfix\"><\/div><div class=\"content-container\" style=\"padding-left:41px;\"><\/div><\/div><\/div>\n\n\n\n<div class=\"fusion-column content-box-column content-box-column-11 col-lg-3 col-md-3 col-sm-3 fusion-content-box-hover\"><div class=\"col content-wrapper link-area-link-icon link-type-text icon-hover-animation-slide\" style=\"background-color:transparent;\"><div class=\"heading heading-with-icon icon-left\"><a class=\"heading-link\" href=\"https:\/\/app.powerbi.com\/view?r=eyJrIjoiOGJmMmJlMDgtNDM4ZC00NDhkLTg1NDYtMmFhNjJhNzgyNmI0IiwidCI6Ijc4NjgzZmYyLTBjMjAtNGJkYS1iYzc3LWQ0YjJhODdmMmE2YSIsImMiOjR9&amp;pageName=ReportSection\" target=\"_blank\"><div class=\"icon\"><i style=\"background-color:transparent;border-color:transparent;height:auto;width:21px;line-height:normal;color:#acc601;font-size:21px;\" class=\"fa fontawesome-icon fa-arrow-right circle-no\"><\/i><\/div><h2 class=\"content-box-heading\" style=\"font-size: 16px;line-height:21px;padding-left:41px;\">Informe Cobertura Educativa Tercer Trimestre 2024<\/h2><\/a><\/div><div class=\"fusion-clearfix\"><\/div><div class=\"content-container\" style=\"padding-left:41px;\"><\/div><\/div><\/div>\n\n\n\n<div class=\"fusion-column content-box-column content-box-column-12 col-lg-3 col-md-3 col-sm-3 fusion-content-box-hover content-box-column-last-in-row\"><div class=\"col content-wrapper link-area-link-icon link-type-text icon-hover-animation-slide\" style=\"background-color:transparent;\"><div class=\"heading heading-with-icon icon-left\"><a class=\"heading-link\" href=\"https:\/\/app.powerbi.com\/view?r=eyJrIjoiYjUwOTc1YWItMDI0NS00NzIyLWJkMDktZjU2MDc0ODQyMDNiIiwidCI6Ijc4NjgzZmYyLTBjMjAtNGJkYS1iYzc3LWQ0YjJhODdmMmE2YSIsImMiOjR9\" target=\"_blank\"><div class=\"icon\"><i style=\"background-color:transparent;border-color:transparent;height:auto;width:21px;line-height:normal;color:#acc601;font-size:21px;\" class=\"fa fontawesome-icon fa-arrow-right circle-no\"><\/i><\/div><h2 class=\"content-box-heading\" style=\"font-size: 16px;line-height:21px;padding-left:41px;\">Informe Cobertura Educativa Cuarto Trimestre 2024<\/h2><\/a><\/div><div class=\"fusion-clearfix\"><\/div><div class=\"content-container\" style=\"padding-left:41px;\"><\/div><\/div><\/div><div class=\"fusion-clearfix\"><\/div>\n\n\n<div class=\"fusion-column content-box-column content-box-column-13 col-lg-3 col-md-3 col-sm-3 fusion-content-box-hover content-box-column-first-in-row\"><div class=\"col content-wrapper link-area-link-icon link-type-text icon-hover-animation-slide\" style=\"background-color:transparent;\"><div class=\"heading heading-with-icon icon-left\"><a class=\"heading-link\" href=\"https:\/\/app.powerbi.com\/view?r=eyJrIjoiOTUyMzUyNzYtMTI5Zi00MDliLWEzYjUtYzAwNThiM2EzODNmIiwidCI6Ijc4NjgzZmYyLTBjMjAtNGJkYS1iYzc3LWQ0YjJhODdmMmE2YSIsImMiOjR9\" target=\"_blank\"><div class=\"icon\"><i style=\"background-color:transparent;border-color:transparent;height:auto;width:21px;line-height:normal;color:#acc601;font-size:21px;\" class=\"fa fontawesome-icon fa-arrow-right circle-no\"><\/i><\/div><h2 class=\"content-box-heading\" style=\"font-size: 16px;line-height:21px;padding-left:41px;\">Informe Cobertura Educativa Primer Trimestre 2025<\/h2><\/a><\/div><div class=\"fusion-clearfix\"><\/div><div class=\"content-container\" style=\"padding-left:41px;\"><\/div><\/div><\/div>\n<div class=\"fusion-column content-box-column content-box-column-14 col-lg-3 col-md-3 col-sm-3 fusion-content-box-hover\"><div class=\"col content-wrapper link-area-link-icon link-type-text icon-hover-animation-slide\" style=\"background-color:transparent;\"><div class=\"heading heading-with-icon icon-left\"><a class=\"heading-link\" href=\"https:\/\/app.powerbi.com\/view?r=eyJrIjoiNDMzYjMxOTMtY2YxZi00OTlhLTljOTUtYjgzMWU1M2NiM2IyIiwidCI6Ijc4NjgzZmYyLTBjMjAtNGJkYS1iYzc3LWQ0YjJhODdmMmE2YSIsImMiOjR9\" target=\"_blank\"><div class=\"icon\"><i style=\"background-color:transparent;border-color:transparent;height:auto;width:21px;line-height:normal;color:#acc601;font-size:21px;\" class=\"fa fontawesome-icon fa-arrow-right circle-no\"><\/i><\/div><h2 class=\"content-box-heading\" style=\"font-size: 16px;line-height:21px;padding-left:41px;\">Informe Cobertura Educativa Segundo Trimestre 2025<\/h2><\/a><\/div><div class=\"fusion-clearfix\"><\/div><div class=\"content-container\" style=\"padding-left:41px;\"><\/div><\/div><\/div>\n<div class=\"fusion-column content-box-column content-box-column-15 col-lg-3 col-md-3 col-sm-3 fusion-content-box-hover\"><div class=\"col content-wrapper link-area-link-icon link-type-text icon-hover-animation-slide\" style=\"background-color:transparent;\"><div class=\"heading heading-with-icon icon-left\"><a class=\"heading-link\" href=\"https:\/\/app.powerbi.com\/view?r=eyJrIjoiN2Y2OGU3ZjctOTYwYi00MWQ3LWFjM2YtNTY3ZmRiYTk3MGQ5IiwidCI6Ijc4NjgzZmYyLTBjMjAtNGJkYS1iYzc3LWQ0YjJhODdmMmE2YSIsImMiOjR9\" target=\"_blank\"><div class=\"icon\"><i style=\"background-color:transparent;border-color:transparent;height:auto;width:21px;line-height:normal;color:#acc601;font-size:21px;\" class=\"fa fontawesome-icon fa-arrow-right circle-no\"><\/i><\/div><h2 class=\"content-box-heading\" style=\"font-size: 16px;line-height:21px;padding-left:41px;\">Informe Cobertura Educativa Tercer Trimestre 2025<\/h2><\/a><\/div><div class=\"fusion-clearfix\"><\/div><div class=\"content-container\" style=\"padding-left:41px;\"><\/div><\/div><\/div>\n\n\n<div class=\"fusion-column content-box-column content-box-column-16 col-lg-3 col-md-3 col-sm-3 fusion-content-box-hover content-box-column-last-in-row\"><div class=\"col content-wrapper link-area-link-icon link-type-text icon-hover-animation-slide\" style=\"background-color:transparent;\"><div class=\"heading heading-with-icon icon-left\"><a class=\"heading-link\" href=\"https:\/\/app.powerbi.com\/view?r=eyJrIjoiNTA2M2MwMWMtYWI4MC00YTlhLWJhODgtN2I1YjQzODhjMTZmIiwidCI6Ijc4NjgzZmYyLTBjMjAtNGJkYS1iYzc3LWQ0YjJhODdmMmE2YSIsImMiOjR9\" target=\"_blank\"><div class=\"icon\"><i style=\"background-color:transparent;border-color:transparent;height:auto;width:21px;line-height:normal;color:#acc601;font-size:21px;\" class=\"fa fontawesome-icon fa-arrow-right circle-no\"><\/i><\/div><h2 class=\"content-box-heading\" style=\"font-size: 16px;line-height:21px;padding-left:41px;\">Informe Cobertura Educativa Cuarto Trimestre 2025<\/h2><\/a><\/div><div class=\"fusion-clearfix\"><\/div><div class=\"content-container\" style=\"padding-left:41px;\"><\/div><\/div><\/div><div class=\"fusion-clearfix\"><\/div>\n\n\n<div class=\"fusion-column content-box-column content-box-column-17 col-lg-3 col-md-3 col-sm-3 fusion-content-box-hover content-box-column-first-in-row\"><div class=\"col content-wrapper link-area-link-icon link-type-text icon-hover-animation-slide\" style=\"background-color:transparent;\"><div class=\"heading heading-with-icon icon-left\"><a class=\"heading-link\" href=\"https:\/\/app.powerbi.com\/view?r=eyJrIjoiNWFiNjY5OTItNzU1OS00NzdiLTg4YTYtMzk5MGIwOWU4ZDMyIiwidCI6Ijc4NjgzZmYyLTBjMjAtNGJkYS1iYzc3LWQ0YjJhODdmMmE2YSIsImMiOjR9\" target=\"_blank\"><div class=\"icon\"><i style=\"background-color:transparent;border-color:transparent;height:auto;width:21px;line-height:normal;color:#acc601;font-size:21px;\" class=\"fa fontawesome-icon fa-arrow-right circle-no\"><\/i><\/div><h2 class=\"content-box-heading\" style=\"font-size: 16px;line-height:21px;padding-left:41px;\">Informe Cobertura Educativa Primer Trimestre 2026<\/h2><\/a><\/div><div class=\"fusion-clearfix\"><\/div><div class=\"content-container\" style=\"padding-left:41px;\"><\/div><\/div><\/div>\n","protected":false},"excerpt":{"rendered":"<p>An\u00e1lisis de Matr\u00edcula Educativa en Bucaramanga La secretar\u00eda de Educaci\u00f3n de Bucaramanga dando cumplimiento a la Ley 1712 de 2014 \u2013 Ley de transparencia y acceso a la informaci\u00f3n p\u00fablica, busca promover y generar una cultura de transparencia, lo que conlleva a la publicaci\u00f3n y divulgaci\u00f3n de documentos y archivos que plasman la actividad estatal [&hellip;]<\/p>\n","protected":false},"author":1,"featured_media":0,"parent":0,"menu_order":0,"comment_status":"closed","ping_status":"closed","template":"","meta":{"_bbp_topic_count":0,"_bbp_reply_count":0,"_bbp_total_topic_count":0,"_bbp_total_reply_count":0,"_bbp_voice_count":0,"_bbp_anonymous_reply_count":0,"_bbp_topic_count_hidden":0,"_bbp_reply_count_hidden":0,"_bbp_forum_subforum_count":0,"footnotes":""},"_links":{"self":[{"href":"https:\/\/www.seb.gov.co\/index.php\/wp-json\/wp\/v2\/pages\/21827"}],"collection":[{"href":"https:\/\/www.seb.gov.co\/index.php\/wp-json\/wp\/v2\/pages"}],"about":[{"href":"https:\/\/www.seb.gov.co\/index.php\/wp-json\/wp\/v2\/types\/page"}],"author":[{"embeddable":true,"href":"https:\/\/www.seb.gov.co\/index.php\/wp-json\/wp\/v2\/users\/1"}],"replies":[{"embeddable":true,"href":"https:\/\/www.seb.gov.co\/index.php\/wp-json\/wp\/v2\/comments?post=21827"}],"version-history":[{"count":59,"href":"https:\/\/www.seb.gov.co\/index.php\/wp-json\/wp\/v2\/pages\/21827\/revisions"}],"predecessor-version":[{"id":25042,"href":"https:\/\/www.seb.gov.co\/index.php\/wp-json\/wp\/v2\/pages\/21827\/revisions\/25042"}],"wp:attachment":[{"href":"https:\/\/www.seb.gov.co\/index.php\/wp-json\/wp\/v2\/media?parent=21827"}],"curies":[{"name":"wp","href":"https:\/\/api.w.org\/{rel}","templated":true}]}}