{"id":20132,"date":"2022-09-27T19:41:18","date_gmt":"2022-09-27T19:41:18","guid":{"rendered":"https:\/\/www.seb.gov.co\/?page_id=20132"},"modified":"2022-12-28T22:11:13","modified_gmt":"2022-12-28T22:11:13","slug":"estrategias-de-permanencia-escolar","status":"publish","type":"page","link":"https:\/\/www.seb.gov.co\/index.php\/estrategias-de-permanencia-escolar\/","title":{"rendered":"Estrategias de Permanencia Escolar"},"content":{"rendered":"<h3>La Secretar\u00eda de Educaci\u00f3n de Bucaramanga cuenta con las siguientes estrategias de permanencia escolar:<\/h3>\n<ul>\n<li>\n<h3>Programa de Alimentaci\u00f3n Escolar \u2013 PAE.<\/h3>\n<\/li>\n<li>\n<h3>Jornadas Escolares Complementarias \u2013 JEC.<\/h3>\n<\/li>\n<li>\n<h3>Transporte Escolar.<\/h3>\n<\/li>\n<\/ul>\n<div class=\"fusion-fullwidth fullwidth-box fusion-fullwidth-1  fusion-parallax-none nonhundred-percent-fullwidth\" style=\"border-color:#eae9e9;border-bottom-width: 0px;border-top-width: 0px;border-bottom-style: solid;border-top-style: solid;padding-bottom:20px;padding-top:20px;padding-left:;padding-right:;\"><style type=\"text\/css\" scoped=\"scoped\">.fusion-fullwidth-1 {\r\n                            padding-left: px !important;\r\n                            padding-right: px !important;\r\n                        }<\/style><div class=\"fusion-row\"><\/div><\/div><div class=\"fusion-one-half fusion-layout-column fusion-spacing-yes\" style=\"margin-top:0px;margin-bottom:20px;\"><div class=\"fusion-column-wrapper\"><h2 style=\"text-align: center;\"><strong>Programa de Alimentaci\u00f3n Escolar \u2013PAE<\/strong><\/h2>\n<div class=\"imageframe-align-center\"><span class=\"fusion-imageframe imageframe-none imageframe-1 hover-type-none\"> <img decoding=\"async\" alt=\"\" src=\"https:\/\/www.seb.gov.co\/wp-content\/uploads\/2022\/01\/pae-col-santo-a-300x168.jpg\" class=\"img-responsive\"\/><\/span><\/div><p style=\"text-align: left;\">Este programa permite suministrar un complemento alimentario que contribuya al acceso, la permanencia, la reducci\u00f3n del ausentismo, y al bienestar en los establecimientos educativos durante el calendario escolar y en la jomada acad\u00e9mica de los ni\u00f1os, ni\u00f1as, adolescentes y j\u00f3venes registrados en la matr\u00edcula oficial desde preescolar hasta b\u00e1sica y media, fomentando h\u00e1bitos alimentarios saludables y aportando al logro de las trayectorias educativas completas con resultados de calidad (Resoluci\u00f3n 335 de 2021 )\u00a0 \u00a0<a href=\"https:\/\/www.seb.gov.co\/index.php\/menu-pae\/\"><strong>M\u00e1s informaci\u00f3n &gt;&gt;<\/strong><\/a><\/p>\n<div class=\"fusion-clearfix\"><\/div><\/div><\/div><div class=\"fusion-one-half fusion-layout-column fusion-column-last fusion-spacing-yes\" style=\"margin-top:0px;margin-bottom:20px;\"><div class=\"fusion-column-wrapper\"><h2 style=\"text-align: center;\"><strong>Jornadas Escolares Complementarias \u2013JEC<\/strong><\/h2>\n<div class=\"imageframe-align-center\"><span class=\"fusion-imageframe imageframe-none imageframe-2 hover-type-none\"> <img decoding=\"async\" alt=\"\" src=\"https:\/\/www.seb.gov.co\/wp-content\/uploads\/2021\/11\/CUPO-ESCOLAR-OK-300x165.jpg\" class=\"img-responsive\"\/><\/span><\/div><p>Estas jornadas apuntan a las causas de no asistencia al sistema educativo relacionadas con la falta de gusto o de inter\u00e9s por el estudio, en la medida en que desarrollan programas que incluyen la recreaci\u00f3n, la cultura y el deporte, as\u00ed como espacios que complementan los aprendizajes de manera amena.\u00a0<a href=\"https:\/\/www.seb.gov.co\/wp-content\/uploads\/2022\/09\/JEC-SEB.pdf\"><strong> Mas informaci\u00f3n &gt;&gt;<\/strong><\/a><\/p>\n<div class=\"fusion-clearfix\"><\/div><\/div><\/div><div class=\"fusion-clearfix\"><\/div><div class=\"fusion-one-half fusion-layout-column fusion-column-last fusion-spacing-yes\" style=\"margin-top:0px;margin-bottom:20px;\"><div class=\"fusion-column-wrapper\"><h3 style=\"text-align: center;\"><strong>Transporte Escolar\u00a0 <\/strong><\/h3>\n<div class=\"imageframe-align-center\"><span class=\"fusion-imageframe imageframe-none imageframe-3 hover-type-none\"> <img decoding=\"async\" alt=\"\" src=\"https:\/\/www.seb.gov.co\/wp-content\/uploads\/2022\/02\/Copia-de-transporte-escolas-sedes-la-juventud-1-300x129.jpg\" class=\"img-responsive\"\/><\/span><\/div><p>Desde el primer d\u00eda del calendario escolar se garantiza la prestaci\u00f3n del servicio p\u00fablico de transporte terrestre automotor especial escolar, ida y regreso de los estudiantes de las instituciones educativas oficiales rurales y urbanas del municipio de Bucaramanga conforme rutas pre-establecidas. Se otorga Transporte Escolar solo a estudiantes que viven en el sector rural y aquellos que pertenecen a Instituciones Educativas \u2013IE- cuya infraestructura presenta fallas y se requiere traslado a otra IE ubicada en un sector alejado.<\/p>\n<div class=\"fusion-clearfix\"><\/div><\/div><\/div><div class=\"fusion-clearfix\"><\/div>\n","protected":false},"excerpt":{"rendered":"","protected":false},"author":1,"featured_media":0,"parent":0,"menu_order":0,"comment_status":"closed","ping_status":"closed","template":"","meta":{"_bbp_topic_count":0,"_bbp_reply_count":0,"_bbp_total_topic_count":0,"_bbp_total_reply_count":0,"_bbp_voice_count":0,"_bbp_anonymous_reply_count":0,"_bbp_topic_count_hidden":0,"_bbp_reply_count_hidden":0,"_bbp_forum_subforum_count":0,"footnotes":""},"_links":{"self":[{"href":"https:\/\/www.seb.gov.co\/index.php\/wp-json\/wp\/v2\/pages\/20132"}],"collection":[{"href":"https:\/\/www.seb.gov.co\/index.php\/wp-json\/wp\/v2\/pages"}],"about":[{"href":"https:\/\/www.seb.gov.co\/index.php\/wp-json\/wp\/v2\/types\/page"}],"author":[{"embeddable":true,"href":"https:\/\/www.seb.gov.co\/index.php\/wp-json\/wp\/v2\/users\/1"}],"replies":[{"embeddable":true,"href":"https:\/\/www.seb.gov.co\/index.php\/wp-json\/wp\/v2\/comments?post=20132"}],"version-history":[{"count":20,"href":"https:\/\/www.seb.gov.co\/index.php\/wp-json\/wp\/v2\/pages\/20132\/revisions"}],"predecessor-version":[{"id":20794,"href":"https:\/\/www.seb.gov.co\/index.php\/wp-json\/wp\/v2\/pages\/20132\/revisions\/20794"}],"wp:attachment":[{"href":"https:\/\/www.seb.gov.co\/index.php\/wp-json\/wp\/v2\/media?parent=20132"}],"curies":[{"name":"wp","href":"https:\/\/api.w.org\/{rel}","templated":true}]}}

<h3>La Secretaría de Educación de Bucaramanga cuenta con las siguientes estrategias de permanencia escolar:</h3>
<ul>
<li>
<h3>Programa de Alimentación Escolar – PAE.</h3>
</li>
<li>
<h3>Jornadas Escolares Complementarias – JEC.</h3>
</li>
<li>
<h3>Transporte Escolar.</h3>
</li>
</ul>
<div class="fusion-fullwidth fullwidth-box fusion-fullwidth-1  fusion-parallax-none nonhundred-percent-fullwidth" style="border-color:#eae9e9;border-bottom-width: 0px;border-top-width: 0px;border-bottom-style: solid;border-top-style: solid;padding-bottom:20px;padding-top:20px;padding-left:;padding-right:;"><style type="text/css" scoped="scoped">.fusion-fullwidth-1 {
                            padding-left: px !important;
                            padding-right: px !important;
                        }</style><div class="fusion-row"></div></div><div class="fusion-one-half fusion-layout-column fusion-spacing-yes" style="margin-top:0px;margin-bottom:20px;"><div class="fusion-column-wrapper"><h2 style="text-align: center;"><strong>Programa de Alimentación Escolar –PAE</strong></h2>
<div class="imageframe-align-center"><span class="fusion-imageframe imageframe-none imageframe-1 hover-type-none"> <img decoding="async" alt="" src="https://www.seb.gov.co/wp-content/uploads/2022/01/pae-col-santo-a-300x168.jpg" class="img-responsive"/></span></div><p style="text-align: left;">Este programa permite suministrar un complemento alimentario que contribuya al acceso, la permanencia, la reducción del ausentismo, y al bienestar en los establecimientos educativos durante el calendario escolar y en la jomada académica de los niños, niñas, adolescentes y jóvenes registrados en la matrícula oficial desde preescolar hasta básica y media, fomentando hábitos alimentarios saludables y aportando al logro de las trayectorias educativas completas con resultados de calidad (Resolución 335 de 2021 )   <a href="https://www.seb.gov.co/index.php/menu-pae/"><strong>Más información &gt;&gt;</strong></a></p>
<div class="fusion-clearfix"></div></div></div><div class="fusion-one-half fusion-layout-column fusion-column-last fusion-spacing-yes" style="margin-top:0px;margin-bottom:20px;"><div class="fusion-column-wrapper"><h2 style="text-align: center;"><strong>Jornadas Escolares Complementarias –JEC</strong></h2>
<div class="imageframe-align-center"><span class="fusion-imageframe imageframe-none imageframe-2 hover-type-none"> <img decoding="async" alt="" src="https://www.seb.gov.co/wp-content/uploads/2021/11/CUPO-ESCOLAR-OK-300x165.jpg" class="img-responsive"/></span></div><p>Estas jornadas apuntan a las causas de no asistencia al sistema educativo relacionadas con la falta de gusto o de interés por el estudio, en la medida en que desarrollan programas que incluyen la recreación, la cultura y el deporte, así como espacios que complementan los aprendizajes de manera amena. <a href="https://www.seb.gov.co/wp-content/uploads/2022/09/JEC-SEB.pdf"><strong> Mas información &gt;&gt;</strong></a></p>
<div class="fusion-clearfix"></div></div></div><div class="fusion-clearfix"></div><div class="fusion-one-half fusion-layout-column fusion-column-last fusion-spacing-yes" style="margin-top:0px;margin-bottom:20px;"><div class="fusion-column-wrapper"><h3 style="text-align: center;"><strong>Transporte Escolar  </strong></h3>
<div class="imageframe-align-center"><span class="fusion-imageframe imageframe-none imageframe-3 hover-type-none"> <img decoding="async" alt="" src="https://www.seb.gov.co/wp-content/uploads/2022/02/Copia-de-transporte-escolas-sedes-la-juventud-1-300x129.jpg" class="img-responsive"/></span></div><p>Desde el primer día del calendario escolar se garantiza la prestación del servicio público de transporte terrestre automotor especial escolar, ida y regreso de los estudiantes de las instituciones educativas oficiales rurales y urbanas del municipio de Bucaramanga conforme rutas pre-establecidas. Se otorga Transporte Escolar solo a estudiantes que viven en el sector rural y aquellos que pertenecen a Instituciones Educativas –IE- cuya infraestructura presenta fallas y se requiere traslado a otra IE ubicada en un sector alejado.</p>
<div class="fusion-clearfix"></div></div></div><div class="fusion-clearfix"></div>
