{"id":20075,"date":"2022-09-26T21:25:56","date_gmt":"2022-09-26T21:25:56","guid":{"rendered":"https:\/\/www.seb.gov.co\/?page_id=20075"},"modified":"2022-09-26T22:21:38","modified_gmt":"2022-09-26T22:21:38","slug":"educacion-formal","status":"publish","type":"page","link":"https:\/\/www.seb.gov.co\/index.php\/educacion-formal\/","title":{"rendered":"Educaci\u00f3n Formal"},"content":{"rendered":"<div class=\"fusion-fullwidth fullwidth-box fusion-fullwidth-1  fusion-parallax-none nonhundred-percent-fullwidth\" style=\"border-color:#eae9e9;border-bottom-width: 0px;border-top-width: 0px;border-bottom-style: solid;border-top-style: solid;padding-bottom:20px;padding-top:20px;padding-left:;padding-right:;\"><style type=\"text\/css\" scoped=\"scoped\">.fusion-fullwidth-1 {\r\n                            padding-left: px !important;\r\n                            padding-right: px !important;\r\n                        }<\/style><div class=\"fusion-row\"><\/div><\/div><div class=\"fusion-title title fusion-title-center fusion-title-size-three\"><div class=\"title-sep-container title-sep-container-left\"><div class=\"title-sep sep-single\"><\/div><\/div><h3 class=\"title-heading-center\"><strong>\u00bfQu\u00e9 es la educaci\u00f3n formal?<\/strong><\/h3><div class=\"title-sep-container title-sep-container-right\"><div class=\"title-sep sep-single\"><\/div><\/div><\/div><p>Es\u00a0aquella que se imparte en instituciones aprobadas por el Estado, en una secuencia regular de niveles, sujeta a pautas curriculares progresivas,\u00a0<u>y\u00a0conducente a grados y t\u00edtulos.<\/u><\/p>\n<div class=\"fusion-fullwidth fullwidth-box fusion-fullwidth-2  fusion-parallax-none nonhundred-percent-fullwidth\" style=\"border-color:#eae9e9;border-bottom-width: 0px;border-top-width: 0px;border-bottom-style: solid;border-top-style: solid;padding-bottom:20px;padding-top:20px;padding-left:;padding-right:;\"><style type=\"text\/css\" scoped=\"scoped\">.fusion-fullwidth-2 {\r\n                            padding-left: px !important;\r\n                            padding-right: px !important;\r\n                        }<\/style><div class=\"fusion-row\"><\/div><\/div><div class=\"fusion-title title fusion-title-center fusion-title-size-three\"><div class=\"title-sep-container title-sep-container-left\"><div class=\"title-sep sep-single\"><\/div><\/div><h3 class=\"title-heading-center\"><strong>Niveles Educativos<\/strong><\/h3><div class=\"title-sep-container title-sep-container-right\"><div class=\"title-sep sep-single\"><\/div><\/div><\/div><ul>\n<li>Nivel de preescolar,<\/li>\n<li>Nivel de b\u00e1sica: Con dos ciclos &#8211; B\u00e1sica Primaria (5 grados) y B\u00e1sica Secundaria, (4 grados)<\/li>\n<li>Nivel de Media con dos grados 10\u00ba y 11\u00b0<\/li>\n<\/ul>\n<p>La educaci\u00f3n formal en sus distintos niveles, tiene por objeto desarrollar en el educando conocimientos, habilidades, aptitudes y valores mediante los cuales las personas puedan fundamentar su desarrollo en forma permanente.<\/p>\n<p>La duraci\u00f3n de cada grado se denomina a\u00f1o lectivo y corresponde a 40 semanas lectivas de 800 horas, en preescolar; 1000 horas en b\u00e1sica primaria; y 1200 horas en b\u00e1sica secundaria y media.<\/p>\n<div class=\"fusion-fullwidth fullwidth-box fusion-fullwidth-3  fusion-parallax-none nonhundred-percent-fullwidth\" style=\"border-color:#eae9e9;border-bottom-width: 0px;border-top-width: 0px;border-bottom-style: solid;border-top-style: solid;padding-bottom:20px;padding-top:20px;padding-left:;padding-right:;\"><style type=\"text\/css\" scoped=\"scoped\">.fusion-fullwidth-3 {\r\n                            padding-left: px !important;\r\n                            padding-right: px !important;\r\n                        }<\/style><div class=\"fusion-row\"><\/div><\/div><div class=\"fusion-title title fusion-title-center fusion-title-size-three\"><div class=\"title-sep-container title-sep-container-left\"><div class=\"title-sep sep-single\"><\/div><\/div><h3 class=\"title-heading-center\"><strong><em>Educaci\u00f3n Formal para Adultos<\/em><\/strong><\/h3><div class=\"title-sep-container title-sep-container-right\"><div class=\"title-sep sep-single\"><\/div><\/div><\/div><p>Conjunto de procesos y acciones formativas organizadas que busca atender de manera particular las necesidades educativas y fortalecer las potencialidades de aquellas personas, adolescentes o propiamente mayores de edad que por diversas circunstancias no cursaron educaci\u00f3n b\u00e1sica y media en las edades aceptadas regularmente en la educaci\u00f3n por niveles y grados del servicio p\u00fablico educativo.<\/p>\n<p>La educaci\u00f3n para adultos se desarrolla en CICLOS LECTIVOS ESPECIALES INTEGRADOS, CLEI, los cuales tienen la siguiente equivalencia en grados de la educaci\u00f3n por ciclos lectivos regulares:<\/p>\n<ul>\n<li>CLEI I: grados 1\u00b0,2\u00b0,3\u00b0 de b\u00e1sica primaria, un a\u00f1o lectivo<\/li>\n<li>CLEI II: grados 4\u00b0 y 5\u00b0 de b\u00e1sica primaria, un a\u00f1o lectivo<\/li>\n<li>CLEIII: grados 6\u00b0 y 7\u00b0 de b\u00e1sica secundaria, un a\u00f1o lectivo<\/li>\n<li>CLEI IV: grados 8\u00b0 y 9\u00b0 de b\u00e1sica secundaria, un a\u00f1o lectivo<\/li>\n<li>CLEI V: de educaci\u00f3n media: grado 10\u00ba, 22 semanas<\/li>\n<li>CLEI VI: de educaci\u00f3n media: grado 11\u00ba., 22 semanas<\/li>\n<\/ul>\n\n","protected":false},"excerpt":{"rendered":"","protected":false},"author":1,"featured_media":0,"parent":0,"menu_order":0,"comment_status":"closed","ping_status":"closed","template":"","meta":{"_bbp_topic_count":0,"_bbp_reply_count":0,"_bbp_total_topic_count":0,"_bbp_total_reply_count":0,"_bbp_voice_count":0,"_bbp_anonymous_reply_count":0,"_bbp_topic_count_hidden":0,"_bbp_reply_count_hidden":0,"_bbp_forum_subforum_count":0,"footnotes":""},"_links":{"self":[{"href":"https:\/\/www.seb.gov.co\/index.php\/wp-json\/wp\/v2\/pages\/20075"}],"collection":[{"href":"https:\/\/www.seb.gov.co\/index.php\/wp-json\/wp\/v2\/pages"}],"about":[{"href":"https:\/\/www.seb.gov.co\/index.php\/wp-json\/wp\/v2\/types\/page"}],"author":[{"embeddable":true,"href":"https:\/\/www.seb.gov.co\/index.php\/wp-json\/wp\/v2\/users\/1"}],"replies":[{"embeddable":true,"href":"https:\/\/www.seb.gov.co\/index.php\/wp-json\/wp\/v2\/comments?post=20075"}],"version-history":[{"count":4,"href":"https:\/\/www.seb.gov.co\/index.php\/wp-json\/wp\/v2\/pages\/20075\/revisions"}],"predecessor-version":[{"id":20084,"href":"https:\/\/www.seb.gov.co\/index.php\/wp-json\/wp\/v2\/pages\/20075\/revisions\/20084"}],"wp:attachment":[{"href":"https:\/\/www.seb.gov.co\/index.php\/wp-json\/wp\/v2\/media?parent=20075"}],"curies":[{"name":"wp","href":"https:\/\/api.w.org\/{rel}","templated":true}]}}